 prime number?
True
Is 61141 a composite number?
False
Is 24637 a prime number?
False
Is 743 a prime number?
True
Is 12049 a composite number?
False
Is 37 composite?
False
Is 71849 composite?
False
Is 266033 composite?
True
Is 6317 a composite number?
False
Is 1137295 prime?
False
Is 18637 composite?
False
Is 6779 a prime number?
True
Is 7011781 a prime number?
False
Is 157021 a composite number?
True
Is 2705 prime?
False
Is 7819 prime?
False
Is 13389 a composite number?
True
Is 726383 a prime number?
False
Is 6007 a composite number?
False
Is 34889 a composite number?
True
Is 64667 prime?
True
Is 126507 a composite number?
True
Is 43457 composite?
False
Is 19658 a prime number?
False
Is 87251 a composite number?
False
Is 22433 a prime number?
True
Is 111571 prime?
False
Is 56081 a composite number?
False
Is 220161 prime?
False
Is 208303 a composite number?
True
Is 4861 a composite number?
False
Is 6157 composite?
True
Is 12149 composite?
False
Is 555967 composite?
False
Is 2681 a composite number?
True
Is 194083 prime?
True
Is 11017 a composite number?
True
Is 3694373 prime?
True
Is 13165 composite?
True
Is 77447 composite?
False
Is 551839 composite?
True
Is 73813 a composite number?
True
Is 32707 a prime number?
True
Is 94513 a prime number?
True
Is 26141 a prime number?
True
Is 580627 a composite number?
False
Is 464603 a composite number?
False
Is 1783 prime?
True
Is 8903 a prime number?
False
Is 122387 a prime number?
True
Is 722611 a prime number?
True
Is 19661 composite?
False
Is 70937 a composite number?
False
Is 5923 a prime number?
True
Is 42591 composite?
True
Is 1073 a prime number?
False
Is 9037 a composite number?
True
Is 126283 a prime number?
False
Is 13033 a prime number?
True
Is 73913 composite?
True
Is 4591 composite?
False
Is 8563 prime?
True
Is 179 a prime number?
True
Is 28429 a composite number?
False
Is 19121 composite?
False
Is 4561 a composite number?
False
Is 470929 a prime number?
False
Is 10063 a prime number?
False
Is 21005 a prime number?
False
Is 322669 composite?
False
Is 413 prime?
False
Is 104054 prime?
False
Is 29363 composite?
False
Is 152531 a composite number?
False
Is 197269 a composite number?
False
Is 64123 composite?
False
Is 41999 composite?
False
Is 125261 prime?
True
Is 194431 prime?
True
Is 35729 a composite number?
False
Is 246557 composite?
False
Is 10821 composite?
True
Is 17965 prime?
False
Is 7283 a composite number?
False
Is 50513 a composite number?
False
Is 10367 a composite number?
True
Is 13749 a prime number?
False
Is 51877 prime?
False
Is 1766879 composite?
False
Is 325445 composite?
True
Is 200087 prime?
True
Is 257519 composite?
False
Is 483427 prime?
False
Is 25391 prime?
True
Is 452437 composite?
True
Is 18371 composite?
False
Is 7283 a prime number?
True
Is 46711 prime?
False
Is 3907 composite?
False
Is 9601 prime?
True
Is 45271 a composite number?
True
Is 1261 prime?
False
Is 16781 prime?
False
Is 458467 a composite number?
True
Is 636549 composite?
True
Is 2909 a composite number?
False
Is 310047 composite?
True
Is 203473 prime?
False
Is 977 composite?
False
Is 154571 a prime number?
True
Is 69815 a prime number?
False
Is 42493 prime?
False
Is 622477 a prime number?
True
Is 3161 composite?
True
Is 12981 prime?
False
Is 22229 a prime number?
True
Is 398669 prime?
True
Is 12959 a composite number?
False
Is 278 composite?
True
Is 681809 prime?
True
Is 878719 composite?
False
Is 16447 composite?
False
Is 415483 a composite number?
True
Is 685 composite?
True
Is 8747 composite?
False
Is 1362037 a prime number?
False
Is 4783 composite?
False
Is 2940689 a composite number?
False
Is 174539 a prime number?
False
Is 1323211 a prime number?
False
Is 7019 a prime number?
True
Is 7501 prime?
False
Is 316919 prime?
True
Is 36143 a prime number?
False
Is 8146 a composite number?
True
Is 7909 prime?
False
Is 20369 composite?
False
Is 13918 composite?
True
Is 89023 composite?
True
Is 13811 a composite number?
True
Is 122069 prime?
True
Is 17709 prime?
False
Is 76381 a composite number?
True
Is 263893 a prime number?
False
Is 249137 a composite number?
True
Is 2921 composite?
True
Is 164821 a composite number?
False
Is 515839 prime?
True
Is 1111151 prime?
True
Is 514477 prime?
False
Is 5501 a composite number?
False
Is 83339 prime?
True
Is 293 prime?
True
Is 147661 a prime number?
True
Is 20993 composite?
True
Is 275129 composite?
False
Is 46857 a prime number?
False
Is 1039 a composite number?
False
Is 21891 composite?
True
Is 4843 a composite number?
True
Is 39659 a prime number?
True
Is 1143509 a composite number?
True
Is 1671229 composite?
True
Is 9607 prime?
False
Is 6883 a composite number?
False
Is 105163 composite?
True
Is 7274 composite?
True
Is 613267 a composite number?
False
Is 177883 composite?
False
Is 356935 a composite number?
True
Is 4360151 prime?
False
Is 9781 a composite number?
False
Is 9407 a prime number?
False
Is 836777 composite?
True
Is 229217 a composite number?
False
Is 466403 a composite number?
True
Is 853 a prime number?
True
Is 6881 prime?
False
Is 48299 prime?
True
Is 215239 prime?
True
Is 1752701 a prime number?
True
Is 29901 a prime number?
False
Is 148721 prime?
True
Is 18267 composite?
True
Is 10033 composite?
True
Is 1654 composite?
True
Is 26339 a composite number?
False
Is 22985 a composite number?
True
Is 203531 composite?
False
Is 474457 prime?
False
Is 12514 composite?
True
Is 17291 prime?
True
Is 50299 prime?
False
Is 20906 composite?
True
Is 4883 prime?
False
Is 3802 a prime number?
False
Is 108033 a prime number?
False
Is 6887 composite?
True
Is 1934 composite?
True
Is 10603 prime?
False
Is 234638 prime?
False
Is 162251 composite?
False
Is 26459 composite?
False
Is 409 a composite number?
False
Is 71807 composite?
False
Is 1106159 prime?
True
Is 145801 prime?
False
Is 497483 composite?
True
Is 206593 a prime number?
True
Is 271253 a prime number?
True
Is 6 a composite number?
True
Is 20027 a composite number?
True
Is 70783 composite?
False
Is 24197 prime?
True
Is 854167 a prime number?
False
Is 17585 a prime number?
False
Is 23971 a composite number?
False
Is 205 composite?
True
Is 534479 a prime number?
False
Is 27182 a prime number?
False
Is 63887 a prime number?
False
Is 81611 a composite number?
False
Is 6863 a composite number?
False
Is 19689 a prime number?
False
Is 508083 a prime number?
False
Is 1082701 composite?
True
Is 2813 composite?
True
Is 28201 a prime number?
True
Is 108761 a prime number?
True
Is 31757 composite?
True
Is 45757 prime?
True
Is 7663 a composite number?
True
Is 11383 prime?
True
Is 5461771 a prime number?
False
Is 489 a composite number?
True
Is 19641 prime?
False
Is 3007 prime?
False
Is 215467 a prime number?
False
Is 2257 prime?
False
Is 108343 a prime number?
True
Is 424471 prime?
True
Is 6421 a prime number?
True
Is 25001 composite?
True
Is 17621 a composite number?
True
Is 16079 prime?
False
Is 7817 prime?
True
Is 81161 a composite number?
True
Is 10367 a composite number?
True
Is 20649 prime?
False
Is 744637 a composite number?
False
Is 87313 a prime number?
True
Is 2020357 a prime number?
False
Is 1108313 prime?
True
Is 346159 a composite number?
True
Is 162935 prime?
False
Is 649 a composite number?
True
Is 110783 prime?
False
Is 6184319 a prime number?
True
Is 30289 composite?
True
Is 13319 a prime number?
False
Is 16333 a composite number?
False
Is 198109 a composite number?
False
Is 10327 a composite number?
True
Is 9041 a composite number?
False
Is 3593 prime?
True
Is 39929 prime?
True
Is 3571 composite?
False
Is 3551 prime?
False
Is 48437 a prime number?
True
Is 24191 prime?
False
Is 5981 prime?
True
Is 2927 prime?
True
Is 73559 a composite number?
True
Is 49723 prime?
False
Is 334163 a composite number?
True
Is 100039 prime?
False
Is 33717 a prime number?
False
Is 1780459 composite?
False
Is 10391 composite?
False
Is 26171 composite?
False
Is 5412607 prime?
True
Is 22901 a prime number?
True
Is 7103 a composite number?
False
Is 16231 composite?
False
Is 192019 composite?
True
Is 8665 composite?
True
Is 1480821 a prime number?
False
Is 23783 composite?
True
Is 742193 a prime number?
True
Is 118957 a composite number?
True
Is 153533 a prime number?
True
Is 1061 a prime number?
True
Is 332459 composite?
Tr